 divisor of 4069 and 481.
13
Calculate the greatest common divisor of 9 and 124413.
3
Calculate the greatest common divisor of 4478 and 22.
2
What is the highest common factor of 3924740 and 244?
244
Calculate the highest common factor of 18 and 27252.
18
Calculate the greatest common factor of 8505 and 21.
21
What is the highest common divisor of 52080 and 8?
8
What is the greatest common divisor of 308 and 14564?
44
What is the highest common divisor of 49 and 183757?
7
What is the highest common factor of 402 and 460022?
134
Calculate the highest common divisor of 387 and 83.
1
Calculate the greatest common divisor of 11760 and 20440.
280
What is the greatest common divisor of 40 and 4096?
8
Calculate the highest common divisor of 525 and 99309.
21
What is the highest common divisor of 385 and 1510?
5
Calculate the greatest common divisor of 182 and 9744.
14
What is the greatest common divisor of 8511 and 24?
3
Calculate the highest common factor of 78 and 9330.
6
What is the highest common divisor of 2630 and 370?
10
What is the greatest common factor of 422 and 62667?
211
What is the highest common factor of 29957 and 3?
1
Calculate the greatest common factor of 9666 and 8413.
179
Calculate the greatest common divisor of 212 and 136.
4
Calculate the highest common factor of 99 and 167607.
99
Calculate the greatest common factor of 80059 and 7.
7
Calculate the highest common factor of 630 and 17703.
63
What is the highest common factor of 56745 and 351?
117
What is the greatest common factor of 1088 and 3008?
64
Calculate the highest common divisor of 147149 and 77367.
1517
What is the greatest common divisor of 29404 and 4?
4
What is the greatest common factor of 649 and 6567?
11
What is the highest common divisor of 50516 and 730?
146
What is the highest common factor of 300 and 1787475?
75
Calculate the highest common divisor of 203 and 2884.
7
What is the greatest common factor of 24 and 2648?
8
Calculate the greatest common factor of 326 and 150.
2
What is the greatest common factor of 569504 and 64?
32
What is the greatest common factor of 1777577 and 617?
617
Calculate the highest common factor of 56 and 3416.
56
What is the highest common divisor of 20 and 183670?
10
What is the greatest common factor of 666 and 3293?
37
Calculate the greatest common factor of 2525 and 625.
25
What is the greatest common divisor of 124 and 80972?
124
Calculate the greatest common factor of 11 and 5818.
1
What is the greatest common factor of 142 and 4554934?
142
Calculate the greatest common factor of 615552 and 21068.
916
What is the greatest common factor of 1966625 and 10?
5
Calculate the greatest common divisor of 38006 and 8.
2
What is the greatest common divisor of 38 and 757?
1
Calculate the highest common divisor of 762 and 35306.
254
Calculate the greatest common factor of 4687 and 156851.
109
What is the greatest common factor of 4 and 53?
1
Calculate the greatest common divisor of 142814 and 28.
14
What is the highest common factor of 363 and 1485?
33
What is the greatest common factor of 17508 and 132?
12
Calculate the highest common divisor of 7792 and 1168.
16
What is the greatest common factor of 26 and 215371?
13
What is the highest common factor of 14 and 4837?
7
Calculate the highest common factor of 12 and 171228.
12
Calculate the highest common factor of 24259 and 1887.
17
What is the highest common factor of 1462 and 659?
1
What is the greatest common factor of 238 and 764?
2
What is the highest common factor of 17537 and 50141?
247
What is the greatest common divisor of 660 and 8535?
15
What is the highest common factor of 143 and 77363?
143
Calculate the highest common divisor of 688290 and 30.
30
Calculate the greatest common factor of 1491 and 419397.
213
What is the highest common factor of 2266 and 4994?
22
Calculate the greatest common factor of 378 and 15138.
18
What is the highest common divisor of 20184 and 26100?
348
Calculate the greatest common factor of 17 and 243406.
17
Calculate the greatest common factor of 297253 and 2013.
671
Calculate the highest common factor of 10392 and 18.
6
Calculate the greatest common divisor of 2030 and 17632.
58
Calculate the greatest common divisor of 70 and 36008.
14
What is the greatest common divisor of 81 and 1844262?
27
Calculate the highest common divisor of 55358 and 356.
178
Calculate the highest common factor of 2726 and 232.
58
Calculate the greatest common factor of 4 and 12577.
1
What is the highest common divisor of 3736 and 94?
2
What is the greatest common divisor of 8432 and 6018?
34
What is the greatest common divisor of 46258 and 10992?
458
What is the greatest common factor of 1380 and 795?
15
What is the greatest common divisor of 9796 and 372?
124
Calculate the highest common divisor of 16 and 1316060.
4
Calculate the greatest common factor of 52 and 89674.
26
What is the highest common factor of 20991 and 33?
3
Calculate the greatest common factor of 9125875 and 2750.
1375
Calculate the greatest common factor of 243 and 618516.
81
Calculate the greatest common factor of 176 and 4411.
11
Calculate the greatest common factor of 2727 and 4141.
101
Calculate the greatest common divisor of 42 and 79226.
14
What is the highest common factor of 120897 and 441?
63
Calculate the greatest common divisor of 10339 and 833.
49
What is the highest common divisor of 4982 and 5088?
106
What is the greatest common factor of 18 and 1787202?
18
Calculate the highest common factor of 2366 and 1750.
14
What is the highest common factor of 40633 and 12888?
179
Calculate the greatest common divisor of 7436 and 715.
143
What is the highest common factor of 64524 and 96?
12
Calculate the highest common divisor of 44730 and 273.
21
Calculate the greatest common factor of 570 and 21345.
15
What is the highest common divisor of 1139 and 603?
67
Calculate the greatest common factor of 2464 and 598136.
616
What is the highest common factor of 489209 and 34?
17
What is the greatest common factor of 25557 and 21?
21
Calculate the highest common factor of 42 and 9716.
14
What is the highest common factor of 12 and 3656244?
12
Calculate the greatest common factor of 10 and 41026.
2
What is the greatest common divisor of 184920 and 460?
460
Calculate the greatest common divisor of 74505 and 2.
1
Calculate the greatest common factor of 101169 and 81.
81
Calculate the highest common divisor of 229236 and 168.
84
Calculate the highest common factor of 4 and 1037924.
4
What is the highest common factor of 1750 and 176500?
250
Calculate the highest common divisor of 2662 and 2.
2
What is the greatest common factor of 14 and 110656?
14
What is the highest common divisor of 6590256 and 48?
48
Calculate the greatest common divisor of 1643 and 465.
31
What is the highest common divisor of 2640 and 730?
10
What is the greatest common divisor of 14196 and 7?
7
What is the highest common divisor of 127974 and 354?
6
Calculate the greatest common divisor of 3283 and 1274.
49
Calculate the greatest common divisor of 942 and 32.
2
What is the greatest common divisor of 13328 and 323?
17
What is the highest common factor of 6713 and 931?
49
Calculate the highest common divisor of 117095 and 935.
55
Calculate the greatest common factor of 2 and 5281.
1
Calculate the highest common factor of 475 and 800.
25
What is the greatest common factor of 375 and 145860?
15
What is the greatest common divisor of 504 and 18864?
72
Calculate the highest common divisor of 36 and 315891.
9
Calculate the greatest common divisor of 1228370 and 910.
130
What is the greatest common factor of 417358 and 46?
46
Calculate the highest common divisor of 891940 and 92.
92
Calculate the highest common factor of 1494 and 2097078.
498
What is the greatest common factor of 1227 and 160737?
1227
What is the greatest common factor of 12985 and 71785?
245
Calculate the highest common divisor of 33 and 26169.
33
Calculate the greatest common factor of 6113980 and 2140.
2140
Calculate the greatest common divisor of 21 and 258384.
21
What is the greatest common factor of 2850 and 32850?
150
Calculate the highest common divisor of 12 and 497532.
12
Calculate the highest common divisor of 13897 and 260.
13
What is the greatest common divisor o